{"id":2,"date":"2020-01-28T12:18:59","date_gmt":"2020-01-28T11:18:59","guid":{"rendered":"http:\/\/www.technik-akademie-tuebingen.de\/2020\/?page_id=2"},"modified":"2020-02-25T11:46:54","modified_gmt":"2020-02-25T10:46:54","slug":"beispiel-seite","status":"publish","type":"page","link":"http:\/\/www.technik-akademie-tuebingen.de\/2020\/beispiel-seite\/","title":{"rendered":"Impressum"},"content":{"rendered":"\n<p><strong>Impressum:<\/strong><br>\n\nRegierungspr\u00e4sidium T\u00fcbingen<br>\n\nFriedrich Gl\u00fcck<br>\n\nKonrad-Adenauer-Stra\u00dfe 20<br>\n\n72072 T\u00fcbingen\n\n<\/p>\n","protected":false},"excerpt":{"rendered":"<p>Impressum: Regierungspr\u00e4sidium T\u00fcbingen Friedrich Gl\u00fcck Konrad-Adenauer-Stra\u00dfe 20 72072 T\u00fcbingen<\/p>\n","protected":false},"author":1,"featured_media":0,"parent":0,"menu_order":0,"comment_status":"closed","ping_status":"open","template":"","meta":{"footnotes":""},"class_list":["post-2","page","type-page","status-publish","hentry"],"_links":{"self":[{"href":"http:\/\/www.technik-akademie-tuebingen.de\/2020\/wp-json\/wp\/v2\/pages\/2","targetHints":{"allow":["GET"]}}],"collection":[{"href":"http:\/\/www.technik-akademie-tuebingen.de\/2020\/wp-json\/wp\/v2\/pages"}],"about":[{"href":"http:\/\/www.technik-akademie-tuebingen.de\/2020\/wp-json\/wp\/v2\/types\/page"}],"author":[{"embeddable":true,"href":"http:\/\/www.technik-akademie-tuebingen.de\/2020\/wp-json\/wp\/v2\/users\/1"}],"replies":[{"embeddable":true,"href":"http:\/\/www.technik-akademie-tuebingen.de\/2020\/wp-json\/wp\/v2\/comments?post=2"}],"version-history":[{"count":2,"href":"http:\/\/www.technik-akademie-tuebingen.de\/2020\/wp-json\/wp\/v2\/pages\/2\/revisions"}],"predecessor-version":[{"id":324,"href":"http:\/\/www.technik-akademie-tuebingen.de\/2020\/wp-json\/wp\/v2\/pages\/2\/revisions\/324"}],"wp:attachment":[{"href":"http:\/\/www.technik-akademie-tuebingen.de\/2020\/wp-json\/wp\/v2\/media?parent=2"}],"curies":[{"name":"wp","href":"https:\/\/api.w.org\/{rel}","templated":true}]}}

<p><strong>Impressum:</strong><br>

Regierungspräsidium Tübingen<br>

Friedrich Glück<br>

Konrad-Adenauer-Straße 20<br>

72072 Tübingen

</p>

<p>Impressum: Regierungspräsidium Tübingen Friedrich Glück Konrad-Adenauer-Straße 20 72072 Tübingen</p>
