{"id":166,"date":"2023-02-20T13:03:49","date_gmt":"2023-02-20T12:03:49","guid":{"rendered":"http:\/\/www.technik-akademie-tuebingen.de\/2023\/?page_id=166"},"modified":"2023-02-23T09:02:28","modified_gmt":"2023-02-23T08:02:28","slug":"technik-akademie","status":"publish","type":"page","link":"https:\/\/www.technik-akademie-tuebingen.de\/2023\/allgemein\/technik-akademie\/","title":{"rendered":"Technik Akademie"},"content":{"rendered":"\t\t<div data-elementor-type=\"wp-page\" data-elementor-id=\"166\" class=\"elementor elementor-166\">\n\t\t\t\t\t\t<section class=\"elementor-section elementor-top-section elementor-element elementor-element-7537f99 elementor-section-boxed elementor-section-height-default elementor-section-height-default\" data-id=\"7537f99\" data-element_type=\"section\" data-e-type=\"section\">\n\t\t\t\t\t\t<div class=\"elementor-container elementor-column-gap-default\">\n\t\t\t\t\t<div class=\"elementor-column elementor-col-100 elementor-top-column elementor-element elementor-element-18e17ff\" data-id=\"18e17ff\" data-element_type=\"column\" data-e-type=\"column\">\n\t\t\t<div class=\"elementor-widget-wrap elementor-element-populated\">\n\t\t\t\t\t\t<div class=\"elementor-element elementor-element-376034d elementor-widget elementor-widget-text-editor\" data-id=\"376034d\" data-element_type=\"widget\" data-e-type=\"widget\" data-widget_type=\"text-editor.default\">\n\t\t\t\t<div class=\"elementor-widget-container\">\n\t\t\t\t\t\t\t\t\t<p>Die Technik Akademie in T\u00fcbingen wurde vom Kultusministerium Baden-W\u00fcrttemberg gegr\u00fcndet und wird von der Reinhold Beitlich Stiftung gesponsert. Sie gibt Sch\u00fclerinnen und Sch\u00fclern der neunten Klasse die Chance sich das Arbeitsleben in einer Firma mit dem Schwerpunkt Technik anzuschauen. Dies funktioniert so, dass die Sch\u00fcler und Sch\u00fclerinnen jeweils einen Firmen-Erstwunsch und einen Firmen-Zweitwunsch angeben konnten, woraus danach kleinere Gruppen mit jeweils einer Firma entstanden. Jede dieser Gruppen verfolgt dann ein gemeinsames Projekt, welches sie mithilfe der Firma \u00fcber die Woche machen. An der diesj\u00e4hrigen Technik-Akademie nahmen folgende Firmen teil:<\/p><ul><li>artif GmbH &amp; Co KG: Webdesign &#8211; Projektdokumentation im Internet<\/li><li>CHT R. Beitlich GmbH: Analyse- und Verfahrenstechnik<\/li><li>Robert Bosch GmbH: Mechatronik<\/li><li>SWR4: Medientechnik<\/li><li>Wafios AG: Elektrotechnik<\/li><li>Zeltwanger Maschinenbau GmbH: Maschienenbau\/Mechatronik<\/li><\/ul>\t\t\t\t\t\t\t\t<\/div>\n\t\t\t\t<\/div>\n\t\t\t\t\t<\/div>\n\t\t<\/div>\n\t\t\t\t\t<\/div>\n\t\t<\/section>\n\t\t\t\t<\/div>\n\t\t","protected":false},"excerpt":{"rendered":"<p>Die Technik Akademie in T\u00fcbingen wurde vom Kultusministerium Baden-W\u00fcrttemberg gegr\u00fcndet und wird von der Reinhold Beitlich Stiftung gesponsert. Sie gibt Sch\u00fclerinnen und Sch\u00fclern der neunten Klasse die Chance sich das Arbeitsleben in einer Firma mit dem Schwerpunkt Technik anzuschauen. Dies<\/p>\n","protected":false},"author":3,"featured_media":0,"parent":645,"menu_order":0,"comment_status":"closed","ping_status":"closed","template":"","meta":{"footnotes":""},"class_list":["post-166","page","type-page","status-publish","hentry"],"_links":{"self":[{"href":"https:\/\/www.technik-akademie-tuebingen.de\/2023\/wp-json\/wp\/v2\/pages\/166","targetHints":{"allow":["GET"]}}],"collection":[{"href":"https:\/\/www.technik-akademie-tuebingen.de\/2023\/wp-json\/wp\/v2\/pages"}],"about":[{"href":"https:\/\/www.technik-akademie-tuebingen.de\/2023\/wp-json\/wp\/v2\/types\/page"}],"author":[{"embeddable":true,"href":"https:\/\/www.technik-akademie-tuebingen.de\/2023\/wp-json\/wp\/v2\/users\/3"}],"replies":[{"embeddable":true,"href":"https:\/\/www.technik-akademie-tuebingen.de\/2023\/wp-json\/wp\/v2\/comments?post=166"}],"version-history":[{"count":29,"href":"https:\/\/www.technik-akademie-tuebingen.de\/2023\/wp-json\/wp\/v2\/pages\/166\/revisions"}],"predecessor-version":[{"id":589,"href":"https:\/\/www.technik-akademie-tuebingen.de\/2023\/wp-json\/wp\/v2\/pages\/166\/revisions\/589"}],"up":[{"embeddable":true,"href":"https:\/\/www.technik-akademie-tuebingen.de\/2023\/wp-json\/wp\/v2\/pages\/645"}],"wp:attachment":[{"href":"https:\/\/www.technik-akademie-tuebingen.de\/2023\/wp-json\/wp\/v2\/media?parent=166"}],"curies":[{"name":"wp","href":"https:\/\/api.w.org\/{rel}","templated":true}]}}