{"id":284,"date":"2025-04-15T08:42:53","date_gmt":"2025-04-15T06:42:53","guid":{"rendered":"https:\/\/www.technik-akademie-tuebingen.de\/2025\/?page_id=284"},"modified":"2025-04-17T09:15:24","modified_gmt":"2025-04-17T07:15:24","slug":"bosch","status":"publish","type":"page","link":"https:\/\/www.technik-akademie-tuebingen.de\/2025\/bosch\/","title":{"rendered":"Robert Bosch GmbH"},"content":{"rendered":"\t\t<div data-elementor-type=\"wp-page\" data-elementor-id=\"284\" class=\"elementor elementor-284\">\n\t\t\t\t<div class=\"elementor-element elementor-element-fee53cc e-flex e-con-boxed e-con e-parent\" data-id=\"fee53cc\" data-element_type=\"container\" data-e-type=\"container\">\n\t\t\t\t\t<div class=\"e-con-inner\">\n\t\t\t\t<div class=\"elementor-element elementor-element-462918e elementor-widget elementor-widget-heading\" data-id=\"462918e\" data-element_type=\"widget\" data-e-type=\"widget\" data-widget_type=\"heading.default\">\n\t\t\t\t<div class=\"elementor-widget-container\">\n\t\t\t\t\t<h2 class=\"elementor-heading-title elementor-size-default\">Robert Bosch GmbH<\/h2>\t\t\t\t<\/div>\n\t\t\t\t<\/div>\n\t\t\t\t\t<\/div>\n\t\t\t\t<\/div>\n\t\t<div class=\"elementor-element elementor-element-777896a e-flex e-con-boxed e-con e-parent\" data-id=\"777896a\" data-element_type=\"container\" data-e-type=\"container\">\n\t\t\t\t\t<div class=\"e-con-inner\">\n\t\t\t\t<div class=\"elementor-element elementor-element-7467778 elementor-widget elementor-widget-image\" data-id=\"7467778\" data-element_type=\"widget\" data-e-type=\"widget\" data-widget_type=\"image.default\">\n\t\t\t\t<div class=\"elementor-widget-container\">\n\t\t\t\t\t\t\t\t\t\t\t\t\t\t\t<img fetchpriority=\"high\" decoding=\"async\" width=\"1024\" height=\"685\" src=\"https:\/\/www.technik-akademie-tuebingen.de\/2025\/wp-content\/uploads\/2025\/04\/B_06-1024x685.jpg\" class=\"attachment-large size-large wp-image-921\" alt=\"\" srcset=\"https:\/\/www.technik-akademie-tuebingen.de\/2025\/wp-content\/uploads\/2025\/04\/B_06-1024x685.jpg 1024w, https:\/\/www.technik-akademie-tuebingen.de\/2025\/wp-content\/uploads\/2025\/04\/B_06-300x201.jpg 300w, https:\/\/www.technik-akademie-tuebingen.de\/2025\/wp-content\/uploads\/2025\/04\/B_06-768x514.jpg 768w, https:\/\/www.technik-akademie-tuebingen.de\/2025\/wp-content\/uploads\/2025\/04\/B_06-1536x1028.jpg 1536w, https:\/\/www.technik-akademie-tuebingen.de\/2025\/wp-content\/uploads\/2025\/04\/B_06-2048x1371.jpg 2048w\" sizes=\"(max-width: 1024px) 100vw, 1024px\" \/>\t\t\t\t\t\t\t\t\t\t\t\t\t\t\t<\/div>\n\t\t\t\t<\/div>\n\t\t\t\t<div class=\"elementor-element elementor-element-63dc08f elementor-widget elementor-widget-text-editor\" data-id=\"63dc08f\" data-element_type=\"widget\" data-e-type=\"widget\" data-widget_type=\"text-editor.default\">\n\t\t\t\t<div class=\"elementor-widget-container\">\n\t\t\t\t\t\t\t\t\t<p>Die Robert Bosch GmbH ist ein international f\u00fchrendes deutsches Technologieunternehmen, welches 1886 von Robert Bosch gegr\u00fcndet wurde und heute als weltweit gr\u00f6\u00dfter Automobilzulieferer agiert. Bosch operiert in den Bereichen Mobility, Industrial Technology, Consumer Goods sowie Energy and Building Technology und ist bekannt f\u00fcr innovative Technologien im Bereich IoT, Sensorik und Software.<\/p>\t\t\t\t\t\t\t\t<\/div>\n\t\t\t\t<\/div>\n\t\t\t\t<div class=\"elementor-element elementor-element-80692ad elementor-widget elementor-widget-heading\" data-id=\"80692ad\" data-element_type=\"widget\" data-e-type=\"widget\" data-widget_type=\"heading.default\">\n\t\t\t\t<div class=\"elementor-widget-container\">\n\t\t\t\t\t<h2 class=\"elementor-heading-title elementor-size-default\">Unser Projekt<\/h2>\t\t\t\t<\/div>\n\t\t\t\t<\/div>\n\t\t\t\t<div class=\"elementor-element elementor-element-b92067a elementor-widget elementor-widget-image\" data-id=\"b92067a\" data-element_type=\"widget\" data-e-type=\"widget\" data-widget_type=\"image.default\">\n\t\t\t\t<div class=\"elementor-widget-container\">\n\t\t\t\t\t\t\t\t\t\t\t\t\t\t\t<img decoding=\"async\" width=\"1024\" height=\"685\" src=\"https:\/\/www.technik-akademie-tuebingen.de\/2025\/wp-content\/uploads\/2025\/04\/BB_02-1024x685.jpg\" class=\"attachment-large size-large wp-image-926\" alt=\"\" srcset=\"https:\/\/www.technik-akademie-tuebingen.de\/2025\/wp-content\/uploads\/2025\/04\/BB_02-1024x685.jpg 1024w, https:\/\/www.technik-akademie-tuebingen.de\/2025\/wp-content\/uploads\/2025\/04\/BB_02-300x201.jpg 300w, https:\/\/www.technik-akademie-tuebingen.de\/2025\/wp-content\/uploads\/2025\/04\/BB_02-768x514.jpg 768w, https:\/\/www.technik-akademie-tuebingen.de\/2025\/wp-content\/uploads\/2025\/04\/BB_02-1536x1028.jpg 1536w, https:\/\/www.technik-akademie-tuebingen.de\/2025\/wp-content\/uploads\/2025\/04\/BB_02-2048x1371.jpg 2048w\" sizes=\"(max-width: 1024px) 100vw, 1024px\" \/>\t\t\t\t\t\t\t\t\t\t\t\t\t\t\t<\/div>\n\t\t\t\t<\/div>\n\t\t\t\t<div class=\"elementor-element elementor-element-cecd81e elementor-widget elementor-widget-text-editor\" data-id=\"cecd81e\" data-element_type=\"widget\" data-e-type=\"widget\" data-widget_type=\"text-editor.default\">\n\t\t\t\t<div class=\"elementor-widget-container\">\n\t\t\t\t\t\t\t\t\t<p>Im Rahmen eines Projekts bei der Robert Bosch GmbH in T\u00fcbingen entwickelte die Gruppe der Technik-Akademie T\u00fcbingen eine eigene Handyladestation. Die Jugendlichen modellierten, graphierten und l\u00f6teten die Ladestation selbstst\u00e4ndig und sammelten dabei wertvolle praktische Erfahrungen im Bereich Technik und Elektronik. Unterst\u00fctzt durch die moderne Infrastruktur und das innovative Umfeld bei Bosch, konnten die Teilnehmenden ihre Teamf\u00e4higkeit st\u00e4rken und Einblicke in aktuelle technische Entwicklungen gewinnen<span class=\"whitespace-nowrap\">.<\/span><\/p>\t\t\t\t\t\t\t\t<\/div>\n\t\t\t\t<\/div>\n\t\t\t\t<div class=\"elementor-element elementor-element-141880b elementor-widget elementor-widget-video\" data-id=\"141880b\" data-element_type=\"widget\" data-e-type=\"widget\" data-settings=\"{&quot;video_type&quot;:&quot;hosted&quot;,&quot;controls&quot;:&quot;yes&quot;}\" data-widget_type=\"video.default\">\n\t\t\t\t<div class=\"elementor-widget-container\">\n\t\t\t\t\t\t\t<div class=\"e-hosted-video elementor-wrapper elementor-open-inline\">\n\t\t\t\t\t<video class=\"elementor-video\" src=\"https:\/\/www.technik-akademie-tuebingen.de\/2025\/wp-content\/uploads\/2025\/04\/Bosch.mp4\" controls=\"\" preload=\"metadata\" controlsList=\"nodownload\"><\/video>\n\t\t\t\t<\/div>\n\t\t\t\t\t\t<\/div>\n\t\t\t\t<\/div>\n\t\t\t\t<div class=\"elementor-element elementor-element-d1d8fe9 elementor-widget elementor-widget-shortcode\" data-id=\"d1d8fe9\" data-element_type=\"widget\" data-e-type=\"widget\" data-widget_type=\"shortcode.default\">\n\t\t\t\t<div class=\"elementor-widget-container\">\n\t\t\t\t\t\t\t<div class=\"elementor-shortcode\"><div id=\"metaslider-id-971\" style=\"width: 100%;\" class=\"ml-slider-3-108-0 metaslider metaslider-flex metaslider-971 ml-slider has-dots-nav ms-theme-default-base\" role=\"region\" aria-label=\"Bosch\" data-height=\"1000\" data-width=\"1200\">\n    <div id=\"metaslider_container_971\">\n        <div id=\"metaslider_971\">\n            <ul class='slides'>\n                <li style=\"display: block; width: 100%;\" class=\"slide-972 ms-image \" aria-roledescription=\"slide\" data-date=\"2025-04-16 13:09:09\" data-filename=\"B_10-scaled-1200x1000.jpg\" data-slide-type=\"image\"><img decoding=\"async\" src=\"https:\/\/www.technik-akademie-tuebingen.de\/2025\/wp-content\/uploads\/2025\/04\/B_10-scaled-1200x1000.jpg\" height=\"1000\" width=\"1200\" alt=\"\" class=\"slider-971 slide-972 msDefaultImage\" title=\"B_10\" \/><\/li>\n                <li style=\"display: none; width: 100%;\" class=\"slide-973 ms-image \" aria-roledescription=\"slide\" data-date=\"2025-04-16 13:09:37\" data-filename=\"B_02-scaled-1200x1000.jpg\" data-slide-type=\"image\"><img loading=\"lazy\" decoding=\"async\" src=\"https:\/\/www.technik-akademie-tuebingen.de\/2025\/wp-content\/uploads\/2025\/04\/B_02-scaled-1200x1000.jpg\" height=\"1000\" width=\"1200\" alt=\"\" class=\"slider-971 slide-973 msDefaultImage\" title=\"B_02\" \/><\/li>\n                <li style=\"display: none; width: 100%;\" class=\"slide-974 ms-image \" aria-roledescription=\"slide\" data-date=\"2025-04-16 13:09:48\" data-filename=\"B_07-scaled-1200x1000.jpg\" data-slide-type=\"image\"><img loading=\"lazy\" decoding=\"async\" src=\"https:\/\/www.technik-akademie-tuebingen.de\/2025\/wp-content\/uploads\/2025\/04\/B_07-scaled-1200x1000.jpg\" height=\"1000\" width=\"1200\" alt=\"\" class=\"slider-971 slide-974 msDefaultImage\" title=\"B_07\" \/><\/li>\n                <li style=\"display: none; width: 100%;\" class=\"slide-975 ms-image \" aria-roledescription=\"slide\" data-date=\"2025-04-16 13:09:53\" data-filename=\"B_04-scaled-1200x1000.jpg\" data-slide-type=\"image\"><img loading=\"lazy\" decoding=\"async\" src=\"https:\/\/www.technik-akademie-tuebingen.de\/2025\/wp-content\/uploads\/2025\/04\/B_04-scaled-1200x1000.jpg\" height=\"1000\" width=\"1200\" alt=\"\" class=\"slider-971 slide-975 msDefaultImage\" title=\"B_04\" \/><\/li>\n                <li style=\"display: none; width: 100%;\" class=\"slide-976 ms-image \" aria-roledescription=\"slide\" data-date=\"2025-04-16 13:10:10\" data-filename=\"B_05-scaled-1200x1000.jpg\" data-slide-type=\"image\"><img loading=\"lazy\" decoding=\"async\" src=\"https:\/\/www.technik-akademie-tuebingen.de\/2025\/wp-content\/uploads\/2025\/04\/B_05-scaled-1200x1000.jpg\" height=\"1000\" width=\"1200\" alt=\"\" class=\"slider-971 slide-976 msDefaultImage\" title=\"B_05\" \/><\/li>\n                <li style=\"display: none; width: 100%;\" class=\"slide-977 ms-image \" aria-roledescription=\"slide\" data-date=\"2025-04-16 13:10:29\" data-filename=\"B_08-scaled-1200x1000.jpg\" data-slide-type=\"image\"><img loading=\"lazy\" decoding=\"async\" src=\"https:\/\/www.technik-akademie-tuebingen.de\/2025\/wp-content\/uploads\/2025\/04\/B_08-scaled-1200x1000.jpg\" height=\"1000\" width=\"1200\" alt=\"\" class=\"slider-971 slide-977 msDefaultImage\" title=\"B_08\" \/><\/li>\n                <li style=\"display: none; width: 100%;\" class=\"slide-978 ms-image \" aria-roledescription=\"slide\" data-date=\"2025-04-16 13:10:40\" data-filename=\"B_09-scaled-1200x1000.jpg\" data-slide-type=\"image\"><img loading=\"lazy\" decoding=\"async\" src=\"https:\/\/www.technik-akademie-tuebingen.de\/2025\/wp-content\/uploads\/2025\/04\/B_09-scaled-1200x1000.jpg\" height=\"1000\" width=\"1200\" alt=\"\" class=\"slider-971 slide-978 msDefaultImage\" title=\"B_09\" \/><\/li>\n            <\/ul>\n        <\/div>\n        \n    <\/div>\n<\/div><\/div>\n\t\t\t\t\t\t<\/div>\n\t\t\t\t<\/div>\n\t\t\t\t\t<\/div>\n\t\t\t\t<\/div>\n\t\t\t\t<\/div>\n\t\t","protected":false},"excerpt":{"rendered":"<p>Robert Bosch GmbH Die Robert Bosch GmbH ist ein international f\u00fchrendes deutsches Technologieunternehmen, welches 1886 von Robert Bosch gegr\u00fcndet wurde und heute als weltweit gr\u00f6\u00dfter Automobilzulieferer agiert. Bosch operiert in den Bereichen Mobility, Industrial Technology, Consumer Goods sowie Energy and Building Technology und ist bekannt f\u00fcr innovative Technologien im Bereich IoT, Sensorik und Software. Unser [&hellip;]<\/p>\n","protected":false},"author":1,"featured_media":0,"parent":0,"menu_order":0,"comment_status":"closed","ping_status":"closed","template":"","meta":{"footnotes":""},"class_list":["post-284","page","type-page","status-publish","hentry"],"jetpack_sharing_enabled":true,"_links":{"self":[{"href":"https:\/\/www.technik-akademie-tuebingen.de\/2025\/wp-json\/wp\/v2\/pages\/284","targetHints":{"allow":["GET"]}}],"collection":[{"href":"https:\/\/www.technik-akademie-tuebingen.de\/2025\/wp-json\/wp\/v2\/pages"}],"about":[{"href":"https:\/\/www.technik-akademie-tuebingen.de\/2025\/wp-json\/wp\/v2\/types\/page"}],"author":[{"embeddable":true,"href":"https:\/\/www.technik-akademie-tuebingen.de\/2025\/wp-json\/wp\/v2\/users\/1"}],"replies":[{"embeddable":true,"href":"https:\/\/www.technik-akademie-tuebingen.de\/2025\/wp-json\/wp\/v2\/comments?post=284"}],"version-history":[{"count":38,"href":"https:\/\/www.technik-akademie-tuebingen.de\/2025\/wp-json\/wp\/v2\/pages\/284\/revisions"}],"predecessor-version":[{"id":1242,"href":"https:\/\/www.technik-akademie-tuebingen.de\/2025\/wp-json\/wp\/v2\/pages\/284\/revisions\/1242"}],"wp:attachment":[{"href":"https:\/\/www.technik-akademie-tuebingen.de\/2025\/wp-json\/wp\/v2\/media?parent=284"}],"curies":[{"name":"wp","href":"https:\/\/api.w.org\/{rel}","templated":true}]}}