{"id":1003,"date":"2026-03-31T16:17:51","date_gmt":"2026-03-31T14:17:51","guid":{"rendered":"https:\/\/www.technik-akademie-tuebingen.de\/2026\/?page_id=1003"},"modified":"2026-03-31T16:22:02","modified_gmt":"2026-03-31T14:22:02","slug":"impressum","status":"publish","type":"page","link":"https:\/\/www.technik-akademie-tuebingen.de\/2026\/impressum\/","title":{"rendered":"Impressum"},"content":{"rendered":"\t\t<div data-elementor-type=\"wp-page\" data-elementor-id=\"1003\" class=\"elementor elementor-1003\">\n\t\t\t\t<div class=\"elementor-element elementor-element-6a95010 e-flex e-con-boxed e-con e-parent\" data-id=\"6a95010\" data-element_type=\"container\" data-e-type=\"container\" data-settings=\"{&quot;background_background&quot;:&quot;classic&quot;}\">\n\t\t\t\t\t<div class=\"e-con-inner\">\n\t\t\t\t<div class=\"elementor-element elementor-element-872018d elementor-widget elementor-widget-text-editor\" data-id=\"872018d\" data-element_type=\"widget\" data-e-type=\"widget\" data-widget_type=\"text-editor.default\">\n\t\t\t\t\t\t\t\t\t<p>Regierungspr\u00e4sidium T\u00fcbingen<br \/>Friedrich Gl\u00fcck<br \/>Konrad-Adenauer-Stra\u00dfe 20<br \/>72072 T\u00fcbingen<\/p>\t\t\t\t\t\t\t\t<\/div>\n\t\t\t\t\t<\/div>\n\t\t\t\t<\/div>\n\t\t\t\t<\/div>\n\t\t","protected":false},"excerpt":{"rendered":"<p>Regierungspr\u00e4sidium T\u00fcbingenFriedrich Gl\u00fcckKonrad-Adenauer-Stra\u00dfe 2072072 T\u00fcbingen<\/p>\n","protected":false},"author":4,"featured_media":0,"parent":0,"menu_order":0,"comment_status":"closed","ping_status":"closed","template":"","meta":{"footnotes":""},"class_list":["post-1003","page","type-page","status-publish","hentry"],"_links":{"self":[{"href":"https:\/\/www.technik-akademie-tuebingen.de\/2026\/wp-json\/wp\/v2\/pages\/1003","targetHints":{"allow":["GET"]}}],"collection":[{"href":"https:\/\/www.technik-akademie-tuebingen.de\/2026\/wp-json\/wp\/v2\/pages"}],"about":[{"href":"https:\/\/www.technik-akademie-tuebingen.de\/2026\/wp-json\/wp\/v2\/types\/page"}],"author":[{"embeddable":true,"href":"https:\/\/www.technik-akademie-tuebingen.de\/2026\/wp-json\/wp\/v2\/users\/4"}],"replies":[{"embeddable":true,"href":"https:\/\/www.technik-akademie-tuebingen.de\/2026\/wp-json\/wp\/v2\/comments?post=1003"}],"version-history":[{"count":7,"href":"https:\/\/www.technik-akademie-tuebingen.de\/2026\/wp-json\/wp\/v2\/pages\/1003\/revisions"}],"predecessor-version":[{"id":1013,"href":"https:\/\/www.technik-akademie-tuebingen.de\/2026\/wp-json\/wp\/v2\/pages\/1003\/revisions\/1013"}],"wp:attachment":[{"href":"https:\/\/www.technik-akademie-tuebingen.de\/2026\/wp-json\/wp\/v2\/media?parent=1003"}],"curies":[{"name":"wp","href":"https:\/\/api.w.org\/{rel}","templated":true}]}}

<div data-elementor-type="wp-page" data-elementor-id="1003" class="elementor elementor-1003">
				<div class="elementor-element elementor-element-6a95010 e-flex e-con-boxed e-con e-parent" data-id="6a95010" data-element_type="container" data-e-type="container" data-settings="{&quot;background_background&quot;:&quot;classic&quot;}">
					<div class="e-con-inner">
				<div class="elementor-element elementor-element-872018d elementor-widget elementor-widget-text-editor" data-id="872018d" data-element_type="widget" data-e-type="widget" data-widget_type="text-editor.default">
									<p>Regierungspräsidium Tübingen<br />Friedrich Glück<br />Konrad-Adenauer-Straße 20<br />72072 Tübingen</p>								</div>
					</div>
				</div>
				</div>

<p>Regierungspräsidium TübingenFriedrich GlückKonrad-Adenauer-Straße 2072072 Tübingen</p>
