{"id":249,"date":"2026-03-30T13:14:42","date_gmt":"2026-03-30T11:14:42","guid":{"rendered":"https:\/\/www.technik-akademie-tuebingen.de\/2026\/?page_id=249"},"modified":"2026-04-01T15:42:23","modified_gmt":"2026-04-01T13:42:23","slug":"dieakademie","status":"publish","type":"page","link":"https:\/\/www.technik-akademie-tuebingen.de\/2026\/dieakademie\/","title":{"rendered":"Die Technik-Akademie"},"content":{"rendered":"\t\t<div data-elementor-type=\"wp-page\" data-elementor-id=\"249\" class=\"elementor elementor-249\">\n\t\t\t\t<div class=\"elementor-element elementor-element-53deebb e-flex e-con-boxed e-con e-parent\" data-id=\"53deebb\" data-element_type=\"container\" data-e-type=\"container\" data-settings=\"{&quot;background_background&quot;:&quot;classic&quot;}\">\n\t\t\t\t\t<div class=\"e-con-inner\">\n\t\t\t\t<div class=\"elementor-element elementor-element-412c87c elementor-widget elementor-widget-heading\" data-id=\"412c87c\" data-element_type=\"widget\" data-e-type=\"widget\" data-widget_type=\"heading.default\">\n\t\t\t\t\t<h2 class=\"elementor-heading-title elementor-size-default\">\u00dcber die Akademie<\/h2>\t\t\t\t<\/div>\n\t\t\t\t<div class=\"elementor-element elementor-element-e0cd97e elementor-widget elementor-widget-text-editor\" data-id=\"e0cd97e\" data-element_type=\"widget\" data-e-type=\"widget\" data-widget_type=\"text-editor.default\">\n\t\t\t\t\t\t\t\t\t<p>Die Technik-Akademie ist ein Begabtenf\u00f6rderprogramm f\u00fcr Sch\u00fcler aus der 9. Klassenstufe. Sie wurde vor 18 Jahren vom w\u00fcrttenbergischen Ministerium f\u00fcr Kultur, Jugend und Sport ins Leben gerufen. Den Teilnehmenden erm\u00f6glicht sie, sich in Betrieben unter Anleitung fachkundigen Personals praktisch mit Themen aus dem naturwissenschaftlich technischen Gebiet und dem Bereich Medien auseinanderzusetzten. Die Akademie erm\u00f6glicht es Kontakte zu kn\u00fcpfen, den eigenen Horizont zu erweitern und sich gerade im Hinblick auf die sp\u00e4tere Berufswahl zu orientieren.\u00a0\u00a0<\/p>\t\t\t\t\t\t\t\t<\/div>\n\t\t\t\t<div class=\"elementor-element elementor-element-a97489a elementor-widget elementor-widget-image\" data-id=\"a97489a\" data-element_type=\"widget\" data-e-type=\"widget\" data-widget_type=\"image.default\">\n\t\t\t\t\t\t\t\t\t\t\t\t\t\t\t<img fetchpriority=\"high\" decoding=\"async\" width=\"800\" height=\"403\" src=\"https:\/\/www.technik-akademie-tuebingen.de\/2026\/wp-content\/uploads\/2026\/04\/Gesicht-raus2-1024x516.jpg\" class=\"attachment-large size-large wp-image-1614\" alt=\"\" srcset=\"https:\/\/www.technik-akademie-tuebingen.de\/2026\/wp-content\/uploads\/2026\/04\/Gesicht-raus2-1024x516.jpg 1024w, https:\/\/www.technik-akademie-tuebingen.de\/2026\/wp-content\/uploads\/2026\/04\/Gesicht-raus2-300x151.jpg 300w, https:\/\/www.technik-akademie-tuebingen.de\/2026\/wp-content\/uploads\/2026\/04\/Gesicht-raus2-768x387.jpg 768w, https:\/\/www.technik-akademie-tuebingen.de\/2026\/wp-content\/uploads\/2026\/04\/Gesicht-raus2-1536x774.jpg 1536w, https:\/\/www.technik-akademie-tuebingen.de\/2026\/wp-content\/uploads\/2026\/04\/Gesicht-raus2.jpg 2031w\" sizes=\"(max-width: 800px) 100vw, 800px\" \/>\t\t\t\t\t\t\t\t\t\t\t\t\t\t\t<\/div>\n\t\t\t\t\t<\/div>\n\t\t\t\t<\/div>\n\t\t\t\t<\/div>\n\t\t","protected":false},"excerpt":{"rendered":"<p>\u00dcber die Akademie Die Technik-Akademie ist ein Begabtenf\u00f6rderprogramm f\u00fcr Sch\u00fcler aus der 9. Klassenstufe. Sie wurde vor 18 Jahren vom w\u00fcrttenbergischen Ministerium f\u00fcr Kultur, Jugend und Sport ins Leben gerufen. Den Teilnehmenden erm\u00f6glicht sie, sich in Betrieben unter Anleitung fachkundigen Personals praktisch mit Themen aus dem naturwissenschaftlich technischen Gebiet und dem Bereich Medien auseinanderzusetzten. Die [&hellip;]<\/p>\n","protected":false},"author":4,"featured_media":0,"parent":0,"menu_order":0,"comment_status":"closed","ping_status":"closed","template":"","meta":{"footnotes":""},"class_list":["post-249","page","type-page","status-publish","hentry"],"_links":{"self":[{"href":"https:\/\/www.technik-akademie-tuebingen.de\/2026\/wp-json\/wp\/v2\/pages\/249","targetHints":{"allow":["GET"]}}],"collection":[{"href":"https:\/\/www.technik-akademie-tuebingen.de\/2026\/wp-json\/wp\/v2\/pages"}],"about":[{"href":"https:\/\/www.technik-akademie-tuebingen.de\/2026\/wp-json\/wp\/v2\/types\/page"}],"author":[{"embeddable":true,"href":"https:\/\/www.technik-akademie-tuebingen.de\/2026\/wp-json\/wp\/v2\/users\/4"}],"replies":[{"embeddable":true,"href":"https:\/\/www.technik-akademie-tuebingen.de\/2026\/wp-json\/wp\/v2\/comments?post=249"}],"version-history":[{"count":16,"href":"https:\/\/www.technik-akademie-tuebingen.de\/2026\/wp-json\/wp\/v2\/pages\/249\/revisions"}],"predecessor-version":[{"id":1777,"href":"https:\/\/www.technik-akademie-tuebingen.de\/2026\/wp-json\/wp\/v2\/pages\/249\/revisions\/1777"}],"wp:attachment":[{"href":"https:\/\/www.technik-akademie-tuebingen.de\/2026\/wp-json\/wp\/v2\/media?parent=249"}],"curies":[{"name":"wp","href":"https:\/\/api.w.org\/{rel}","templated":true}]}}

<div data-elementor-type="wp-page" data-elementor-id="249" class="elementor elementor-249">
				<div class="elementor-element elementor-element-53deebb e-flex e-con-boxed e-con e-parent" data-id="53deebb" data-element_type="container" data-e-type="container" data-settings="{&quot;background_background&quot;:&quot;classic&quot;}">
					<div class="e-con-inner">
				<div class="elementor-element elementor-element-412c87c elementor-widget elementor-widget-heading" data-id="412c87c" data-element_type="widget" data-e-type="widget" data-widget_type="heading.default">
					<h2 class="elementor-heading-title elementor-size-default">Über die Akademie</h2>				</div>
				<div class="elementor-element elementor-element-e0cd97e elementor-widget elementor-widget-text-editor" data-id="e0cd97e" data-element_type="widget" data-e-type="widget" data-widget_type="text-editor.default">
									<p>Die Technik-Akademie ist ein Begabtenförderprogramm für Schüler aus der 9. Klassenstufe. Sie wurde vor 18 Jahren vom württenbergischen Ministerium für Kultur, Jugend und Sport ins Leben gerufen. Den Teilnehmenden ermöglicht sie, sich in Betrieben unter Anleitung fachkundigen Personals praktisch mit Themen aus dem naturwissenschaftlich technischen Gebiet und dem Bereich Medien auseinanderzusetzten. Die Akademie ermöglicht es Kontakte zu knüpfen, den eigenen Horizont zu erweitern und sich gerade im Hinblick auf die spätere Berufswahl zu orientieren.  </p>								</div>
				<div class="elementor-element elementor-element-a97489a elementor-widget elementor-widget-image" data-id="a97489a" data-element_type="widget" data-e-type="widget" data-widget_type="image.default">
															<img fetchpriority="high" decoding="async" width="800" height="403" src="https://www.technik-akademie-tuebingen.de/2026/wp-content/uploads/2026/04/Gesicht-raus2-1024x516.jpg" class="attachment-large size-large wp-image-1614" alt="" srcset="https://www.technik-akademie-tuebingen.de/2026/wp-content/uploads/2026/04/Gesicht-raus2-1024x516.jpg 1024w, https://www.technik-akademie-tuebingen.de/2026/wp-content/uploads/2026/04/Gesicht-raus2-300x151.jpg 300w, https://www.technik-akademie-tuebingen.de/2026/wp-content/uploads/2026/04/Gesicht-raus2-768x387.jpg 768w, https://www.technik-akademie-tuebingen.de/2026/wp-content/uploads/2026/04/Gesicht-raus2-1536x774.jpg 1536w, https://www.technik-akademie-tuebingen.de/2026/wp-content/uploads/2026/04/Gesicht-raus2.jpg 2031w" sizes="(max-width: 800px) 100vw, 800px" />															</div>
					</div>
				</div>
				</div>

<p>Über die Akademie Die Technik-Akademie ist ein Begabtenförderprogramm für Schüler aus der 9. Klassenstufe. Sie wurde vor 18 Jahren vom württenbergischen Ministerium für Kultur, Jugend und Sport ins Leben gerufen. Den Teilnehmenden ermöglicht sie, sich in Betrieben unter Anleitung fachkundigen Personals praktisch mit Themen aus dem naturwissenschaftlich technischen Gebiet und dem Bereich Medien auseinanderzusetzten. Die [&hellip;]</p>
