{"id":70,"date":"2026-03-30T09:19:53","date_gmt":"2026-03-30T07:19:53","guid":{"rendered":"https:\/\/www.technik-akademie-tuebingen.de\/2026\/?page_id=70"},"modified":"2026-04-01T15:04:40","modified_gmt":"2026-04-01T13:04:40","slug":"botanischer-garten","status":"publish","type":"page","link":"https:\/\/www.technik-akademie-tuebingen.de\/2026\/botanischer-garten\/","title":{"rendered":"Botanischer Garten"},"content":{"rendered":"\t\t<div data-elementor-type=\"wp-page\" data-elementor-id=\"70\" class=\"elementor elementor-70\">\n\t\t\t\t<div class=\"elementor-element elementor-element-93a1a9e e-con-full e-flex e-con e-parent\" data-id=\"93a1a9e\" data-element_type=\"container\" data-e-type=\"container\" data-settings=\"{&quot;background_background&quot;:&quot;classic&quot;}\">\n\t\t\t\t<div class=\"elementor-element elementor-element-6bbe9f9 elementor-widget__width-initial elementor-widget elementor-widget-image\" data-id=\"6bbe9f9\" data-element_type=\"widget\" data-e-type=\"widget\" data-widget_type=\"image.default\">\n\t\t\t\t\t\t\t\t\t\t\t\t\t\t\t<img fetchpriority=\"high\" decoding=\"async\" width=\"2048\" height=\"975\" src=\"https:\/\/www.technik-akademie-tuebingen.de\/2026\/wp-content\/uploads\/2026\/03\/blurred_image_light.jpeg\" class=\"attachment-full size-full wp-image-295\" alt=\"\" srcset=\"https:\/\/www.technik-akademie-tuebingen.de\/2026\/wp-content\/uploads\/2026\/03\/blurred_image_light.jpeg 2048w, https:\/\/www.technik-akademie-tuebingen.de\/2026\/wp-content\/uploads\/2026\/03\/blurred_image_light-300x143.jpeg 300w, https:\/\/www.technik-akademie-tuebingen.de\/2026\/wp-content\/uploads\/2026\/03\/blurred_image_light-1024x488.jpeg 1024w, https:\/\/www.technik-akademie-tuebingen.de\/2026\/wp-content\/uploads\/2026\/03\/blurred_image_light-768x366.jpeg 768w, https:\/\/www.technik-akademie-tuebingen.de\/2026\/wp-content\/uploads\/2026\/03\/blurred_image_light-1536x731.jpeg 1536w\" sizes=\"(max-width: 2048px) 100vw, 2048px\" \/>\t\t\t\t\t\t\t\t\t\t\t\t\t\t\t<\/div>\n\t\t\t\t<div class=\"elementor-element elementor-element-478f9bb elementor-widget elementor-widget-heading\" data-id=\"478f9bb\" data-element_type=\"widget\" data-e-type=\"widget\" data-widget_type=\"heading.default\">\n\t\t\t\t\t<h2 class=\"elementor-heading-title elementor-size-default\">Botanischer Garten<\/h2>\t\t\t\t<\/div>\n\t\t\t\t<\/div>\n\t\t<div class=\"elementor-element elementor-element-3a9bc2d e-flex e-con-boxed e-con e-parent\" data-id=\"3a9bc2d\" data-element_type=\"container\" data-e-type=\"container\" data-settings=\"{&quot;background_background&quot;:&quot;classic&quot;}\">\n\t\t\t\t\t<div class=\"e-con-inner\">\n\t\t\t\t<div class=\"elementor-element elementor-element-caf61f0 elementor-widget__width-initial elementor-widget elementor-widget-text-editor\" data-id=\"caf61f0\" data-element_type=\"widget\" data-e-type=\"widget\" data-widget_type=\"text-editor.default\">\n\t\t\t\t\t\t\t\t\t<p>Am Mittag unseres Anreisetages besuchten wir den Botanischen Garten der Universit\u00e4t T\u00fcbingen. Dabei durften wir in Kleingruppen das Au\u00dfengel\u00e4nde und die Gew\u00e4chsh\u00e4user besichtigen. Die naturwissenschaftlichen Fakult\u00e4ten, die sich\u00a0 direkt neben dem Garten befinden, nutzen diesen als Ort zum lernen und Forschen, da er Zugang zu den au\u00dfergew\u00f6hnlichsten Pflanzen bietet. Wir hielten die Besichtigung fotografisch fest.<\/p>\t\t\t\t\t\t\t\t<\/div>\n\t\t\t\t\t<\/div>\n\t\t\t\t<\/div>\n\t\t<div class=\"elementor-element elementor-element-8a17f15 e-flex e-con-boxed e-con e-parent\" data-id=\"8a17f15\" data-element_type=\"container\" data-e-type=\"container\" data-settings=\"{&quot;background_background&quot;:&quot;classic&quot;}\">\n\t\t\t\t\t<div class=\"e-con-inner\">\n\t\t\t\t<div class=\"elementor-element elementor-element-a6c7de1 elementor-widget elementor-widget-shortcode\" data-id=\"a6c7de1\" data-element_type=\"widget\" data-e-type=\"widget\" data-widget_type=\"shortcode.default\">\n\t\t\t\t\t\t\t<div class=\"elementor-shortcode\"><div id=\"metaslider-id-187\" style=\"width: 100%;\" class=\"ml-slider-3-108-0 metaslider metaslider-flex metaslider-187 ml-slider has-dots-nav ms-theme-default-base\" role=\"region\" aria-label=\"New Slideshow\" data-height=\"500\" data-width=\"700\">\n    <div id=\"metaslider_container_187\">\n        <div id=\"metaslider_187\">\n            <ul aria-live='off' class='slides'>\n                <li style=\"display: block; width: 100%;\" class=\"slide-189 ms-image \" aria-roledescription=\"slide\" data-date=\"2026-03-30 11:25:59\" data-filename=\"Bot_Garten-scaled-1400x1000.jpg\" data-slide-type=\"image\"><img decoding=\"async\" src=\"https:\/\/www.technik-akademie-tuebingen.de\/2026\/wp-content\/uploads\/2026\/03\/Bot_Garten-scaled-1400x1000.jpg\" height=\"500\" width=\"700\" alt=\"\" class=\"slider-187 slide-189 msDefaultImage\" title=\"Bot_Garten_Blickvonunten\" \/><\/li>\n                <li style=\"display: none; width: 100%;\" class=\"slide-190 ms-image \" aria-roledescription=\"slide\" data-date=\"2026-03-30 11:26:11\" data-filename=\"Kakteen-1-scaled-1400x1000.jpeg\" data-slide-type=\"image\"><img decoding=\"async\" src=\"https:\/\/www.technik-akademie-tuebingen.de\/2026\/wp-content\/uploads\/2026\/03\/Kakteen-1-scaled-1400x1000.jpeg\" height=\"500\" width=\"700\" alt=\"\" class=\"slider-187 slide-190 msDefaultImage\" title=\"Kakteen\" \/><\/li>\n                <li style=\"display: none; width: 100%;\" class=\"slide-384 ms-image \" aria-roledescription=\"slide\" data-date=\"2026-03-31 08:41:27\" data-filename=\"IMG_5681-scaled-1400x1000.jpg\" data-slide-type=\"image\"><img loading=\"lazy\" decoding=\"async\" src=\"https:\/\/www.technik-akademie-tuebingen.de\/2026\/wp-content\/uploads\/2026\/03\/IMG_5681-scaled-1400x1000.jpg\" height=\"500\" width=\"700\" alt=\"\" class=\"slider-187 slide-384 msDefaultImage\" title=\"IMG_5681\" \/><\/li>\n                <li style=\"display: none; width: 100%;\" class=\"slide-385 ms-image \" aria-roledescription=\"slide\" data-date=\"2026-03-31 08:41:36\" data-filename=\"IMG_5682-scaled-1400x1000.jpg\" data-slide-type=\"image\"><img loading=\"lazy\" decoding=\"async\" src=\"https:\/\/www.technik-akademie-tuebingen.de\/2026\/wp-content\/uploads\/2026\/03\/IMG_5682-scaled-1400x1000.jpg\" height=\"500\" width=\"700\" alt=\"\" class=\"slider-187 slide-385 msDefaultImage\" title=\"IMG_5682\" \/><\/li>\n                <li style=\"display: none; width: 100%;\" class=\"slide-1608 ms-image \" aria-roledescription=\"slide\" data-date=\"2026-04-01 13:46:55\" data-filename=\"von-oben-scaled-e1774870962304-1400x1000.jpeg\" data-slide-type=\"image\"><img loading=\"lazy\" decoding=\"async\" src=\"https:\/\/www.technik-akademie-tuebingen.de\/2026\/wp-content\/uploads\/2026\/03\/von-oben-scaled-e1774870962304-1400x1000.jpeg\" height=\"500\" width=\"700\" alt=\"\" class=\"slider-187 slide-1608 msDefaultImage\" title=\"Bot_Garten(von oben)\" \/><\/li>\n                <li style=\"display: none; width: 100%;\" class=\"slide-1609 ms-image \" aria-roledescription=\"slide\" data-date=\"2026-04-01 13:47:15\" data-filename=\"IMG_5699-scaled-1400x1000.jpg\" data-slide-type=\"image\"><img loading=\"lazy\" decoding=\"async\" src=\"https:\/\/www.technik-akademie-tuebingen.de\/2026\/wp-content\/uploads\/2026\/03\/IMG_5699-scaled-1400x1000.jpg\" height=\"500\" width=\"700\" alt=\"\" class=\"slider-187 slide-1609 msDefaultImage\" title=\"IMG_5699\" \/><\/li>\n            <\/ul>\n        <\/div>\n        \n    <\/div>\n<\/div><\/div>\n\t\t\t\t\t\t<\/div>\n\t\t\t\t\t<\/div>\n\t\t\t\t<\/div>\n\t\t\t\t<\/div>\n\t\t","protected":false},"excerpt":{"rendered":"<p>Botanischer Garten Am Mittag unseres Anreisetages besuchten wir den Botanischen Garten der Universit\u00e4t T\u00fcbingen. Dabei durften wir in Kleingruppen das Au\u00dfengel\u00e4nde und die Gew\u00e4chsh\u00e4user besichtigen. Die naturwissenschaftlichen Fakult\u00e4ten, die sich\u00a0 direkt neben dem Garten befinden, nutzen diesen als Ort zum lernen und Forschen, da er Zugang zu den au\u00dfergew\u00f6hnlichsten Pflanzen bietet. Wir hielten die Besichtigung [&hellip;]<\/p>\n","protected":false},"author":3,"featured_media":0,"parent":0,"menu_order":0,"comment_status":"closed","ping_status":"closed","template":"","meta":{"footnotes":""},"class_list":["post-70","page","type-page","status-publish","hentry"],"_links":{"self":[{"href":"https:\/\/www.technik-akademie-tuebingen.de\/2026\/wp-json\/wp\/v2\/pages\/70","targetHints":{"allow":["GET"]}}],"collection":[{"href":"https:\/\/www.technik-akademie-tuebingen.de\/2026\/wp-json\/wp\/v2\/pages"}],"about":[{"href":"https:\/\/www.technik-akademie-tuebingen.de\/2026\/wp-json\/wp\/v2\/types\/page"}],"author":[{"embeddable":true,"href":"https:\/\/www.technik-akademie-tuebingen.de\/2026\/wp-json\/wp\/v2\/users\/3"}],"replies":[{"embeddable":true,"href":"https:\/\/www.technik-akademie-tuebingen.de\/2026\/wp-json\/wp\/v2\/comments?post=70"}],"version-history":[{"count":128,"href":"https:\/\/www.technik-akademie-tuebingen.de\/2026\/wp-json\/wp\/v2\/pages\/70\/revisions"}],"predecessor-version":[{"id":1682,"href":"https:\/\/www.technik-akademie-tuebingen.de\/2026\/wp-json\/wp\/v2\/pages\/70\/revisions\/1682"}],"wp:attachment":[{"href":"https:\/\/www.technik-akademie-tuebingen.de\/2026\/wp-json\/wp\/v2\/media?parent=70"}],"curies":[{"name":"wp","href":"https:\/\/api.w.org\/{rel}","templated":true}]}}

<div data-elementor-type="wp-page" data-elementor-id="70" class="elementor elementor-70">
				<div class="elementor-element elementor-element-93a1a9e e-con-full e-flex e-con e-parent" data-id="93a1a9e" data-element_type="container" data-e-type="container" data-settings="{&quot;background_background&quot;:&quot;classic&quot;}">
				<div class="elementor-element elementor-element-6bbe9f9 elementor-widget__width-initial elementor-widget elementor-widget-image" data-id="6bbe9f9" data-element_type="widget" data-e-type="widget" data-widget_type="image.default">
															<img fetchpriority="high" decoding="async" width="2048" height="975" src="https://www.technik-akademie-tuebingen.de/2026/wp-content/uploads/2026/03/blurred_image_light.jpeg" class="attachment-full size-full wp-image-295" alt="" srcset="https://www.technik-akademie-tuebingen.de/2026/wp-content/uploads/2026/03/blurred_image_light.jpeg 2048w, https://www.technik-akademie-tuebingen.de/2026/wp-content/uploads/2026/03/blurred_image_light-300x143.jpeg 300w, https://www.technik-akademie-tuebingen.de/2026/wp-content/uploads/2026/03/blurred_image_light-1024x488.jpeg 1024w, https://www.technik-akademie-tuebingen.de/2026/wp-content/uploads/2026/03/blurred_image_light-768x366.jpeg 768w, https://www.technik-akademie-tuebingen.de/2026/wp-content/uploads/2026/03/blurred_image_light-1536x731.jpeg 1536w" sizes="(max-width: 2048px) 100vw, 2048px" />															</div>
				<div class="elementor-element elementor-element-478f9bb elementor-widget elementor-widget-heading" data-id="478f9bb" data-element_type="widget" data-e-type="widget" data-widget_type="heading.default">
					<h2 class="elementor-heading-title elementor-size-default">Botanischer Garten</h2>				</div>
				</div>
		<div class="elementor-element elementor-element-3a9bc2d e-flex e-con-boxed e-con e-parent" data-id="3a9bc2d" data-element_type="container" data-e-type="container" data-settings="{&quot;background_background&quot;:&quot;classic&quot;}">
					<div class="e-con-inner">
				<div class="elementor-element elementor-element-caf61f0 elementor-widget__width-initial elementor-widget elementor-widget-text-editor" data-id="caf61f0" data-element_type="widget" data-e-type="widget" data-widget_type="text-editor.default">
									<p>Am Mittag unseres Anreisetages besuchten wir den Botanischen Garten der Universität Tübingen. Dabei durften wir in Kleingruppen das Außengelände und die Gewächshäuser besichtigen. Die naturwissenschaftlichen Fakultäten, die sich  direkt neben dem Garten befinden, nutzen diesen als Ort zum lernen und Forschen, da er Zugang zu den außergewöhnlichsten Pflanzen bietet. Wir hielten die Besichtigung fotografisch fest.</p>								</div>
					</div>
				</div>
		<div class="elementor-element elementor-element-8a17f15 e-flex e-con-boxed e-con e-parent" data-id="8a17f15" data-element_type="container" data-e-type="container" data-settings="{&quot;background_background&quot;:&quot;classic&quot;}">
					<div class="e-con-inner">
				<div class="elementor-element elementor-element-a6c7de1 elementor-widget elementor-widget-shortcode" data-id="a6c7de1" data-element_type="widget" data-e-type="widget" data-widget_type="shortcode.default">
							<div class="elementor-shortcode"><div id="metaslider-id-187" style="width: 100%;" class="ml-slider-3-108-0 metaslider metaslider-flex metaslider-187 ml-slider has-dots-nav ms-theme-default-base" role="region" aria-label="New Slideshow" data-height="500" data-width="700">
    <div id="metaslider_container_187">
        <div id="metaslider_187">
            <ul aria-live='off' class='slides'>
                <li style="display: block; width: 100%;" class="slide-189 ms-image " aria-roledescription="slide" data-date="2026-03-30 11:25:59" data-filename="Bot_Garten-scaled-1400x1000.jpg" data-slide-type="image"><img decoding="async" src="https://www.technik-akademie-tuebingen.de/2026/wp-content/uploads/2026/03/Bot_Garten-scaled-1400x1000.jpg" height="500" width="700" alt="" class="slider-187 slide-189 msDefaultImage" title="Bot_Garten_Blickvonunten" /></li>
                <li style="display: none; width: 100%;" class="slide-190 ms-image " aria-roledescription="slide" data-date="2026-03-30 11:26:11" data-filename="Kakteen-1-scaled-1400x1000.jpeg" data-slide-type="image"><img decoding="async" src="https://www.technik-akademie-tuebingen.de/2026/wp-content/uploads/2026/03/Kakteen-1-scaled-1400x1000.jpeg" height="500" width="700" alt="" class="slider-187 slide-190 msDefaultImage" title="Kakteen" /></li>
                <li style="display: none; width: 100%;" class="slide-384 ms-image " aria-roledescription="slide" data-date="2026-03-31 08:41:27" data-filename="IMG_5681-scaled-1400x1000.jpg" data-slide-type="image"><img loading="lazy" decoding="async" src="https://www.technik-akademie-tuebingen.de/2026/wp-content/uploads/2026/03/IMG_5681-scaled-1400x1000.jpg" height="500" width="700" alt="" class="slider-187 slide-384 msDefaultImage" title="IMG_5681" /></li>
                <li style="display: none; width: 100%;" class="slide-385 ms-image " aria-roledescription="slide" data-date="2026-03-31 08:41:36" data-filename="IMG_5682-scaled-1400x1000.jpg" data-slide-type="image"><img loading="lazy" decoding="async" src="https://www.technik-akademie-tuebingen.de/2026/wp-content/uploads/2026/03/IMG_5682-scaled-1400x1000.jpg" height="500" width="700" alt="" class="slider-187 slide-385 msDefaultImage" title="IMG_5682" /></li>
                <li style="display: none; width: 100%;" class="slide-1608 ms-image " aria-roledescription="slide" data-date="2026-04-01 13:46:55" data-filename="von-oben-scaled-e1774870962304-1400x1000.jpeg" data-slide-type="image"><img loading="lazy" decoding="async" src="https://www.technik-akademie-tuebingen.de/2026/wp-content/uploads/2026/03/von-oben-scaled-e1774870962304-1400x1000.jpeg" height="500" width="700" alt="" class="slider-187 slide-1608 msDefaultImage" title="Bot_Garten(von oben)" /></li>
                <li style="display: none; width: 100%;" class="slide-1609 ms-image " aria-roledescription="slide" data-date="2026-04-01 13:47:15" data-filename="IMG_5699-scaled-1400x1000.jpg" data-slide-type="image"><img loading="lazy" decoding="async" src="https://www.technik-akademie-tuebingen.de/2026/wp-content/uploads/2026/03/IMG_5699-scaled-1400x1000.jpg" height="500" width="700" alt="" class="slider-187 slide-1609 msDefaultImage" title="IMG_5699" /></li>
            </ul>
        </div>
        
    </div>
</div></div>
						</div>
					</div>
				</div>
				</div>

<p>Botanischer Garten Am Mittag unseres Anreisetages besuchten wir den Botanischen Garten der Universität Tübingen. Dabei durften wir in Kleingruppen das Außengelände und die Gewächshäuser besichtigen. Die naturwissenschaftlichen Fakultäten, die sich  direkt neben dem Garten befinden, nutzen diesen als Ort zum lernen und Forschen, da er Zugang zu den außergewöhnlichsten Pflanzen bietet. Wir hielten die Besichtigung [&hellip;]</p>
