{"id":86,"date":"2026-03-30T09:52:17","date_gmt":"2026-03-30T07:52:17","guid":{"rendered":"https:\/\/www.technik-akademie-tuebingen.de\/2026\/?page_id=86"},"modified":"2026-04-02T08:48:44","modified_gmt":"2026-04-02T06:48:44","slug":"startseite","status":"publish","type":"page","link":"https:\/\/www.technik-akademie-tuebingen.de\/2026\/","title":{"rendered":"Startseite"},"content":{"rendered":"\t\t<div data-elementor-type=\"wp-page\" data-elementor-id=\"86\" class=\"elementor elementor-86\">\n\t\t\t\t<div class=\"elementor-element elementor-element-f44d461 e-con-full e-flex e-con e-parent\" data-id=\"f44d461\" data-element_type=\"container\" data-e-type=\"container\" data-settings=\"{&quot;background_background&quot;:&quot;classic&quot;}\">\n\t\t\t\t<div class=\"elementor-element elementor-element-bc422c0 elementor-widget elementor-widget-html\" data-id=\"bc422c0\" data-element_type=\"widget\" data-e-type=\"widget\" data-widget_type=\"html.default\">\n\t\t\t\t\t<script>\ndocument.addEventListener(\"DOMContentLoaded\", function () {\n    const reveals = document.querySelectorAll(\".reveal\");\n\n    function revealOnScroll() {\n        const windowHeight = window.innerHeight;\n\n        reveals.forEach(el => {\n            const elementTop = el.getBoundingClientRect().top;\n\n            if (elementTop < windowHeight - 100) {\n                el.classList.add(\"active\");\n            }\n        });\n    }\n\n    window.addEventListener(\"scroll\", revealOnScroll);\n    revealOnScroll();\n});\n<\/script>\t\t\t\t<\/div>\n\t\t\t\t<\/div>\n\t\t<div class=\"elementor-element elementor-element-78c9da2 e-con-full l e-flex e-con e-parent\" data-id=\"78c9da2\" data-element_type=\"container\" data-e-type=\"container\" data-settings=\"{&quot;background_background&quot;:&quot;classic&quot;,&quot;animation&quot;:&quot;none&quot;,&quot;animation_delay&quot;:900}\">\n\t\t\t\t<div class=\"elementor-element elementor-element-7de56d0 elementor-widget__width-initial animated-slow fade-in delay-1 elementor-widget elementor-widget-heading\" data-id=\"7de56d0\" data-element_type=\"widget\" data-e-type=\"widget\" data-settings=\"{&quot;_animation&quot;:&quot;none&quot;,&quot;_animation_mobile&quot;:&quot;none&quot;,&quot;_animation_delay&quot;:0}\" data-widget_type=\"heading.default\">\n\t\t\t\t\t<h1 class=\"elementor-heading-title elementor-size-default\">Technik-Akademie T\u00fcbingen 2026<\/h1>\t\t\t\t<\/div>\n\t\t\t\t<div class=\"elementor-element elementor-element-64464b2 elementor-widget__width-initial animated-slow fade-in delay-2 elementor-widget elementor-widget-text-editor\" data-id=\"64464b2\" data-element_type=\"widget\" data-e-type=\"widget\" data-settings=\"{&quot;_animation&quot;:&quot;none&quot;,&quot;_animation_delay&quot;:200}\" data-widget_type=\"text-editor.default\">\n\t\t\t\t\t\t\t\t\t<div class=\"flex flex-col text-sm\"><section class=\"text-token-text-primary w-full focus:outline-none [--shadow-height:45px] has-data-writing-block:pointer-events-none has-data-writing-block:-mt-(--shadow-height) has-data-writing-block:pt-(--shadow-height) [&amp;:has([data-writing-block])&gt;*]:pointer-events-auto scroll-mt-[calc(var(--header-height)+min(200px,max(70px,20svh)))]\" dir=\"auto\" data-turn-id=\"request-WEB:121e07f9-e0f5-4e23-b380-9b8103c3a39e-2\" data-testid=\"conversation-turn-6\" data-scroll-anchor=\"true\" data-turn=\"assistant\"><div class=\"text-base my-auto mx-auto pb-10 [--thread-content-margin:var(--thread-content-margin-xs,calc(var(--spacing)*4))] @w-sm\/main:[--thread-content-margin:var(--thread-content-margin-sm,calc(var(--spacing)*6))] @w-lg\/main:[--thread-content-margin:var(--thread-content-margin-lg,calc(var(--spacing)*16))] px-(--thread-content-margin)\"><div class=\"[--thread-content-max-width:40rem] @w-lg\/main:[--thread-content-max-width:48rem] mx-auto max-w-(--thread-content-max-width) flex-1 group\/turn-messages focus-visible:outline-hidden relative flex w-full min-w-0 flex-col agent-turn\"><div class=\"flex max-w-full flex-col gap-4 grow\"><div class=\"min-h-8 text-message relative flex w-full flex-col items-end gap-2 text-start break-words whitespace-normal outline-none keyboard-focused:focus-ring [.text-message+&amp;]:mt-1\" dir=\"auto\" tabindex=\"0\" data-message-author-role=\"assistant\" data-message-id=\"8dfab81d-b447-44dd-b87b-3be673a4a8a8\" data-message-model-slug=\"gpt-5-3\" data-turn-start-message=\"true\"><div class=\"flex w-full flex-col gap-1 empty:hidden\"><div class=\"markdown prose dark:prose-invert w-full wrap-break-word light markdown-new-styling\"><p data-start=\"0\" data-end=\"205\" data-is-last-node=\"\" data-is-only-node=\"\">Die Technik-Akademie T\u00fcbingen ist ein au\u00dferschulisches Programm, in dem Sch\u00fclerinnen und Sch\u00fcler praktische Erfahrungen in Technik und Naturwissenschaften sammeln und Einblicke in m\u00f6gliche Berufe erhalten.<\/p><\/div><\/div><\/div><\/div><\/div><\/div><\/section><\/div>\t\t\t\t\t\t\t\t<\/div>\n\t\t\t\t<div class=\"elementor-element elementor-element-ed5101e elementor-widget__width-initial fade-in delay-3 elementor-widget elementor-widget-button\" data-id=\"ed5101e\" data-element_type=\"widget\" data-e-type=\"widget\" data-settings=\"{&quot;_animation&quot;:&quot;none&quot;,&quot;_animation_delay&quot;:400}\" data-widget_type=\"button.default\">\n\t\t\t\t\t\t\t\t\t\t<a class=\"elementor-button elementor-button-link elementor-size-sm\" href=\"https:\/\/www.technik-akademie-tuebingen.de\/2026\/die\/\">\n\t\t\t\t\t\t<span class=\"elementor-button-content-wrapper\">\n\t\t\t\t\t\t\t\t\t<span class=\"elementor-button-text\">Mehr<\/span>\n\t\t\t\t\t<\/span>\n\t\t\t\t\t<\/a>\n\t\t\t\t\t\t\t\t<\/div>\n\t\t\t\t<div class=\"elementor-element elementor-element-b573c43 elementor-widget__width-initial elementor-widget elementor-widget-heading\" data-id=\"b573c43\" data-element_type=\"widget\" data-e-type=\"widget\" data-widget_type=\"heading.default\">\n\t\t\t\t\t<h2 class=\"elementor-heading-title elementor-size-default\"><br>Unsere Jugendherberge<\/h2>\t\t\t\t<\/div>\n\t\t\t\t<div class=\"elementor-element elementor-element-04e7488 elementor-widget__width-inherit elementor-widget elementor-widget-image\" data-id=\"04e7488\" data-element_type=\"widget\" data-e-type=\"widget\" data-widget_type=\"image.default\">\n\t\t\t\t\t\t\t\t\t\t\t\t\t\t\t<img fetchpriority=\"high\" decoding=\"async\" width=\"800\" height=\"577\" src=\"https:\/\/www.technik-akademie-tuebingen.de\/2026\/wp-content\/uploads\/2026\/03\/IMG_20260330_174032705-1-scaled-e1774963500833-1024x739.jpg\" class=\"attachment-large size-large wp-image-406\" alt=\"\" srcset=\"https:\/\/www.technik-akademie-tuebingen.de\/2026\/wp-content\/uploads\/2026\/03\/IMG_20260330_174032705-1-scaled-e1774963500833-1024x739.jpg 1024w, https:\/\/www.technik-akademie-tuebingen.de\/2026\/wp-content\/uploads\/2026\/03\/IMG_20260330_174032705-1-scaled-e1774963500833-300x216.jpg 300w, https:\/\/www.technik-akademie-tuebingen.de\/2026\/wp-content\/uploads\/2026\/03\/IMG_20260330_174032705-1-scaled-e1774963500833-768x554.jpg 768w, https:\/\/www.technik-akademie-tuebingen.de\/2026\/wp-content\/uploads\/2026\/03\/IMG_20260330_174032705-1-scaled-e1774963500833-1536x1108.jpg 1536w, https:\/\/www.technik-akademie-tuebingen.de\/2026\/wp-content\/uploads\/2026\/03\/IMG_20260330_174032705-1-scaled-e1774963500833-2048x1477.jpg 2048w\" sizes=\"(max-width: 800px) 100vw, 800px\" \/>\t\t\t\t\t\t\t\t\t\t\t\t\t\t\t<\/div>\n\t\t\t\t<div class=\"elementor-element elementor-element-471e2b2 elementor-widget__width-initial elementor-widget-mobile__width-initial elementor-widget elementor-widget-text-editor\" data-id=\"471e2b2\" data-element_type=\"widget\" data-e-type=\"widget\" data-widget_type=\"text-editor.default\">\n\t\t\t\t\t\t\t\t\t<p><br><\/p><p>Unsere \u00dcbernachtungen erfolgten in der Jugendherberge T\u00fcbingen, welche 200 Betten auf 65 Zimmern verteilt bietet. Die Jugendherberge bot uns zwei Tagungsr\u00e4ume, Fr\u00fchst\u00fcck und Abendessen. Von unseren Zimmer aus hatten wir einen direkten Ausblick auf den Neckar.<\/p>\n<p><\/p>\t\t\t\t\t\t\t\t<\/div>\n\t\t\t\t<\/div>\n\t\t<div class=\"elementor-element elementor-element-ef282da e-flex e-con-boxed e-con e-parent\" data-id=\"ef282da\" data-element_type=\"container\" data-e-type=\"container\" data-settings=\"{&quot;background_background&quot;:&quot;classic&quot;}\">\n\t\t\t\t\t<div class=\"e-con-inner\">\n\t\t\t\t<div class=\"elementor-element elementor-element-08c4a90 elementor-widget elementor-widget-google_maps\" data-id=\"08c4a90\" data-element_type=\"widget\" data-e-type=\"widget\" data-widget_type=\"google_maps.default\">\n\t\t\t\t\t\t\t<div class=\"elementor-custom-embed\">\n\t\t\t<iframe loading=\"lazy\"\n\t\t\t\t\tsrc=\"https:\/\/maps.google.com\/maps?q=Jugendherberge%20T%C3%BCbingen&#038;t=m&#038;z=15&#038;output=embed&#038;iwloc=near\"\n\t\t\t\t\ttitle=\"Jugendherberge T\u00fcbingen\"\n\t\t\t\t\taria-label=\"Jugendherberge T\u00fcbingen\"\n\t\t\t><\/iframe>\n\t\t<\/div>\n\t\t\t\t\t\t<\/div>\n\t\t\t\t\t<\/div>\n\t\t\t\t<\/div>\n\t\t<div class=\"elementor-element elementor-element-50722c5 e-flex e-con-boxed e-con e-parent\" data-id=\"50722c5\" data-element_type=\"container\" data-e-type=\"container\" data-settings=\"{&quot;background_background&quot;:&quot;classic&quot;}\">\n\t\t\t\t\t<div class=\"e-con-inner\">\n\t\t\t\t\t<\/div>\n\t\t\t\t<\/div>\n\t\t\t\t<\/div>\n\t\t","protected":false},"excerpt":{"rendered":"<p>Technik-Akademie T\u00fcbingen 2026 Die Technik-Akademie T\u00fcbingen ist ein au\u00dferschulisches Programm, in dem Sch\u00fclerinnen und Sch\u00fcler praktische Erfahrungen in Technik und Naturwissenschaften sammeln und Einblicke in m\u00f6gliche Berufe erhalten. Mehr Unsere Jugendherberge Unsere \u00dcbernachtungen erfolgten in der Jugendherberge T\u00fcbingen, welche 200 Betten auf 65 Zimmern verteilt bietet. Die Jugendherberge bot uns zwei Tagungsr\u00e4ume, Fr\u00fchst\u00fcck und Abendessen. [&hellip;]<\/p>\n","protected":false},"author":2,"featured_media":0,"parent":0,"menu_order":0,"comment_status":"closed","ping_status":"closed","template":"","meta":{"footnotes":""},"class_list":["post-86","page","type-page","status-publish","hentry"],"_links":{"self":[{"href":"https:\/\/www.technik-akademie-tuebingen.de\/2026\/wp-json\/wp\/v2\/pages\/86","targetHints":{"allow":["GET"]}}],"collection":[{"href":"https:\/\/www.technik-akademie-tuebingen.de\/2026\/wp-json\/wp\/v2\/pages"}],"about":[{"href":"https:\/\/www.technik-akademie-tuebingen.de\/2026\/wp-json\/wp\/v2\/types\/page"}],"author":[{"embeddable":true,"href":"https:\/\/www.technik-akademie-tuebingen.de\/2026\/wp-json\/wp\/v2\/users\/2"}],"replies":[{"embeddable":true,"href":"https:\/\/www.technik-akademie-tuebingen.de\/2026\/wp-json\/wp\/v2\/comments?post=86"}],"version-history":[{"count":268,"href":"https:\/\/www.technik-akademie-tuebingen.de\/2026\/wp-json\/wp\/v2\/pages\/86\/revisions"}],"predecessor-version":[{"id":2023,"href":"https:\/\/www.technik-akademie-tuebingen.de\/2026\/wp-json\/wp\/v2\/pages\/86\/revisions\/2023"}],"wp:attachment":[{"href":"https:\/\/www.technik-akademie-tuebingen.de\/2026\/wp-json\/wp\/v2\/media?parent=86"}],"curies":[{"name":"wp","href":"https:\/\/api.w.org\/{rel}","templated":true}]}}